572. Calculate i(-315).
287
Let t(c) = c**3 + 34*c**2 - 382*c + 261. Calculate t(-43).
46
Let d(s) = 15216*s - 91297. What is d(6)?
-1
Let n(j) = -7989*j + 88487. Give n(11).
608
Let i(o) = 8787*o - 95079. What is i(11)?
1578
Let z(l) = 561*l - 2544. What is z(5)?
261
Let q(r) = 24*r**2 + 10701*r + 19954. Give q(-444).
-26
Let k(u) = -10688*u + 95894. What is k(9)?
-298
Let k(d) = 747*d**3 + 18*d**2 + 21*d - 40. Calculate k(1).
746
Let h(k) = 3*k**3 + 47*k**2 - 62*k - 1455. Give h(-15).
-75
Let q(k) = 2*k**2 + 511*k - 1220. Calculate q(-258).
70
Let h(b) = 4*b**3 - 2475*b**2 - 423*b - 121321. Determine h(619).
3
Let b(c) = -c**2 + 9751*c + 2592587. Give b(-259).
-3
Let r(l) = 2*l**2 - 21*l - 31328. Calculate r(-120).
-8
Let j(k) = 46857*k + 93722. What is j(-2)?
8
Let x(m) = m**2 - 6917*m + 69078. Determine x(10).
8
Let a(i) = -44*i**3 + 1146*i**2 + 46*i - 2571. What is a(26)?
-23
Let t(a) = -440519*a - 3083628. Determine t(-7).
5
Let h(m) = -89*m**2 - 5336*m + 188. What is h(-60)?
-52
Let f(b) = 205393*b - 2464899. Give f(12).
-183
Let h(v) = -44133*v + 1235699. Determine h(28).
-25
Let z(l) = -711*l + 91843. Give z(129).
124
Let u(c) = 156*c - 36560. Calculate u(235).
100
Let d(y) = -31*y**2 - 2851*y - 20013. Give d(-7).
-1575
Let b(l) = -17*l**2 + 1021*l - 4103. What is b(4)?
-291
Let h(o) = o**2 - 5621*o - 44997. Calculate h(-8).
35
Let d(c) = c**3 + 260*c**2 + 230*c + 60021. Determine d(-260).
221
Let o(g) = -380066*g + 1900312. What is o(5)?
-18
Let y(z) = -1362*z + 102154. What is y(75)?
4
Let t(a) = -a**3 - 149*a**2 - 141*a - 67052. Give t(-151).
-159
Let n(k) = 134732*k + 404022. Give n(-3).
-174
Let s(r) = 23897*r - 71922. What is s(3)?
-231
Let h(c) = -c**3 + 171*c**2 + 414*c + 18739. Determine h(174).
-53
Let t(x) = -x**3 + 43*x**2 - 478*x + 2105. What is t(29)?
17
Let y(r) = 2*r**2 + 580*r + 14643. Determine y(-262).
-29
Let l(g) = 187*g - 11956. Give l(65).
199
Let p(a) = -3091*a - 58729. Give p(-19).
0
Let h(t) = -t**3 + 35*t**2 - 352*t - 42. What is h(20)?
-1082
Let s(u) = -u**3 + 232*u**2 + 1011*u - 15846. Give s(236).
-34
Let a(d) = -486*d**3 - 148*d + 149. Calculate a(1).
-485
Let n(x) = 603*x - 81406. Give n(135).
-1
Let a(s) = 916*s - 38532. What is a(42)?
-60
Let a(b) = 10*b**3 - 361*b**2 + 294*b - 9333. Determine a(36).
-45
Let z(l) = -l**3 + 66*l**2 - 870*l + 1583. Determine z(15).
8
Let o(d) = 204*d**3 - 7*d**2 + 7*d + 17. Calculate o(-2).
-1657
Let c(a) = a**2 - 1282417*a - 94904337. Calculate c(-74).
-3
Let c(x) = 20155*x + 80732. What is c(-4)?
112
Let u(o) = -o**2 + 38*o + 3331. What is u(87)?
-932
Let w(o) = o**3 - o**2 - 163*o + 895. What is w(9)?
76
Let l(c) = 2*c**3 + 91*c**2 - 250*c - 102. Give l(-48).
378
Let n(b) = 7*b**2 - 188*b - 517. Determine n(27).
-490
Let m(f) = -6*f**3 + 10*f**2 - 2*f - 23. Give m(-3).
235
Let q(i) = -27270*i + 163615. What is q(6)?
-5
Let i(a) = 24033*a + 2427339. Give i(-101).
6
Let j(g) = -4*g**3 + 79*g**2 - 264*g + 2414. What is j(18)?
-70
Let s(x) = 3*x**2 - 1353*x - 43291. Determine s(481).
-1
Let x(m) = -m**3 + 46*m**2 - 302*m + 36. Determine x(7).
-167
Let o(u) = -24*u**2 - 4071*u - 2539. Give o(-169).
-4
Let t(x) = 14*x**2 + 420*x - 6312. Calculate t(11).
2
Let c(g) = -421*g - 8414. Calculate c(-20).
6
Let x(t) = t**2 - 2702*t - 3939577. What is x(-1050)?
23
Let h(m) = -m**3 + 96*m**2 - 715*m - 173. What is h(88)?
-1141
Let n(h) = -6250*h - 181260. Determine n(-29).
-10
Let w(l) = 5*l**3 - 231*l**2 + 8*l + 1747. Determine w(46).
-1
Let z(g) = -g**3 - 22*g**2 - 27*g - 175. Calculate z(-21).
-49
Let b(m) = 13*m**2 - 302*m + 1396. Calculate b(21).
787
Let l(w) = w**3 + 36*w**2 - 458*w - 14515. Determine l(-38).
1
Let h(q) = 101*q + 165. Calculate h(-3).
-138
Let y(b) = b**3 - 925*b**2 - 1839*b - 13910. Calculate y(927).
-5
Let r(n) = 172*n + 27128. Give r(-157).
124
Let o(r) = 345*r + 2390. Give o(-10).
-1060
Let q(d) = -3780926*d - 18904633. Determine q(-5).
-3
Let g(d) = d**3 + 13*d**2 + d - 226. Determine g(-12).
-94
Let d(o) = o**3 + 6061*o**2 - 225627*o + 43. Calculate d(37).
6
Let r(c) = 370066*c - 3330497. Give r(9).
97
Let x(a) = -a**3 + 9*a**2 + 819*a - 4995. Determine x(6).
27
Let o(d) = -23090*d + 3763694. Give o(163).
24
Let h(i) = 2*i**2 + 533*i + 2167. Give h(-4).
67
Let g(n) = -525*n - 45309. Determine g(-86).
-159
Let g(b) = 2901*b - 739754. What is g(255)?
1
Let p(y) = -391*y + 107933. Give p(276).
17
Let w(f) = f**3 - 221*f**2 + 2271*f + 492. Give w(11).
63
Let i(y) = -457*y - 4045. Calculate i(-9).
68
Let j(y) = 261*y + 23532. Determine j(-94).
-1002
Let d(y) = -2*y**2 - 185*y - 1668. Determine d(-56).
2420
Let f(u) = 5*u**2 - 262*u + 2153. Calculate f(13).
-408
Let n(x) = -2*x**3 - 200*x**2 - 760*x + 264. Give n(-96).
-504
Let g(m) = 39*m**2 - 60250*m + 52489. Calculate g(1544).
-7
Let y(h) = 3*h**2 - 3410*h + 3416. Calculate y(1).
9
Let m(p) = -p**2 + 496*p + 89039. Give m(-140).
-1
Let a(r) = 12*r**2 - 30229*r - 212207. Give a(-7).
-16
Let w(n) = 4*n**2 - 120*n + 9. Give w(22).
-695
Let g(x) = -1751*x + 33457. Give g(19).
188
Let t(h) = -1188*h**2 - 14290*h - 423. What is t(-12)?
-15
Let v(i) = i**2 - 155*i + 5409. Calculate v(53).
3
Let z(p) = 483*p + 940. Give z(-3).
-509
Let n(v) = -529*v - 131645. Calculate n(-259).
5366
Let k(b) = -2329*b**3 + 179*b + 178. Determine k(-1).
2328
Let y(z) = 1191007*z + 3573015. Calculate y(-3).
-6
Let r(s) = 2*s**3 - 3*s**2 - 232*s + 1069. Calculate r(7).
-16
Let h(j) = -j**3 - 181*j**2 - 2030*j + 25888. Determine h(-168).
16
Let g(l) = -4*l**3 + 8*l**2 + 10*l + 54. Determine g(9).
-2124
Let f(q) = 6*q**3 + 210*q**2 - 278*q - 9724. Determine f(-35).
6
Let r(i) = -622*i + 414245. Determine r(666).
-7
Let m(q) = -288*q - 4534. Give m(-9).
-1942
Let b(w) = -458*w**2 + 3269*w - 389. Determine b(7).
52
Let d(l) = 15*l**2 + 205*l + 613. Give d(-12).
313
Let x(b) = b**3 + 24*b**2 - 6611*b - 170542. Calculate x(-26).
-8
Let z(c) = 36104*c + 1010927. Give z(-28).
15
Let q(o) = o**3 + 63*o**2 + 589*o - 53. Give q(-51).
1120
Let u(s) = 2432*s - 1089533. Determine u(448).
3
Let k(m) = -569*m + 4947. Give k(10).
-743
Let y(v) = 57*v**2 + 55319*v - 27256. Determine y(-971).
-68
Let o(u) = 2*u**3 + 412*u**2 - 6637*u - 1542. What is o(-221)?
5
Let y(q) = -2*q**3 + 8*q**2 + 108*q + 790. Give y(-7).
1112
Let a(i) = 266*i + 32176. Give a(-121).
-10
Let a(x) = -3487*x - 3343968. Give a(-959).
65
Let x(y) = -3661*y - 47119. Give x(-13).
474
Let f(k) = 206311*k + 5157789. What is f(-25)?
14
Let t(m) = 35*m**2 + 1407*m + 13542. Calculate t(-16).
-10
Let k(n) = 760*n**2 - 87*n + 178. Determine k(2).
3044
Let l(b) = -2*b**3 + 2*b**2 + 104*b - 784. What is l(11)?
-2060
Let z(r) = -118*r - 36877. Calculate z(-312).
-61
Let g(q) = -4770*q + 147722. Give g(31).
-148
Let x(g) = 17675*g - 494899. Determine x(28).
1
Let j(a) = -2*a**3 + 9*a**2 + 1771*a - 8835. Calculate j(5).
-5
Let j(n) = n**2 - 2066*n - 14523. Give j(-7).
-12
Let n(f) = 29*f**2 - 13045*f - 2263. What is n(450)?
-13
Let k(x) = 23176*x + 23102. Calculate k(-1).
-74
Let f(j) = 3*j**3 - 32*j**2 + 70*j + 17. Calculate f(3).
20
Let z(h) = -h**2 + 11000*h + 66048. Calculate z(-6).
12
Let u(d) = 589*d + 376. What is u(-3)?
-1391
Let a(g) = 179*g**2 - 79524*g - 58287. Determine a(445).
8
Let j(z) = z**2 + 57635*z - 15227179. What is j(263)?
-5
Let n(q) = 127083*q - 18681215. Determine n(147).
-14
Let d(c) = -20715*c + 3604404. Determine d(174).
-6
Let s(t) = 34980*t - 4127597. Determine s(118).
43
Let q(w) = 2*w**3 - 4*w**2 - 80*w - 336. What is q(-8)?
-976
Let d(k) = -k**2 - 854*k + 27325. Give d(32).
-1027
Let q(u) = 2*u**2 + 145*u - 210. Calculate q(-75).
165
Let p(k) = 806*k - 30742. Calculate p(38).
-114
Let m(y) = 2*y**2 + 4064*y - 16233. Calculate m(4).
55
Let x(a) = 6683*a - 193810. Give x(29).
-3
Let g(d) = -d**3 + 20*d**2 - 212*d + 4924. Determine g(21).
31
Let k(z) = -71*z**2 - 3200*z - 101. Give k(-46).
-3137
Let j(d) = 2*d**3 - 89*d**2 + 173*d - 9826. What is j(45)?
-16
Let q(d) = -14979*d - 90447. Give q(-6).
-573
Let l(p) = p**3 - 291*p**2 - 30571*p - 5575. What is l(373)?
20
Let r(n) = -5*n**3 + 389*n**2 + 794*n + 6924. Give r(80).
44
Let h(t) = 4*t**2 - 4317*t - 4314. Give h(-1).
7
Let h(g) = -3*g**3 + 43*g**2 - 349*g + 4708. Determine h(14).
18
Let l(a) = -861486*a + 4